e the greatest common divisor of b and q.
45
Let x(t) = -47*t - 7. Let s be x(-2). Let y = s - 79. Let o = -152 + 216. Calculate the highest common factor of y and o.
8
Suppose -21*q - 5*h - 801 = -24*q, 12 = 4*h. What is the greatest common divisor of q and 17?
17
Let d(m) = m**2 - 12*m + 2. Let k be d(12). Let y be 352/10 + k/(-10). Suppose y = 4*x + x. What is the greatest common divisor of 7 and x?
7
Suppose -k - 7*k + 88 = 0. Let h = 34 + 10. Calculate the greatest common factor of h and k.
11
Let z(s) = s**2 - 2*s - 42. Let d be z(9). Calculate the highest common factor of 7 and d.
7
Suppose -32*u + 18*u + 6734 = 0. Calculate the greatest common factor of 74 and u.
37
Let h(q) = 4*q**3 - q**2 + q - 2. Let w be h(1). Let a be w/(-15) - -3*3304/90. Calculate the greatest common divisor of a and 22.
22
Suppose 0*d = d - 83. Suppose -4*t + d = -1. Let y be -33 + 32 + 10 + -2. What is the greatest common divisor of y and t?
7
Suppose 4*y = -2 + 6. Suppose -d = -4 + y. Calculate the greatest common divisor of d and 3.
3
Suppose 10 - 26 = -2*g + 2*h, 34 = 3*g - 5*h. Let q(f) = f**2 + 6*f + 1. Let o be q(g). Calculate the highest common divisor of 28 and o.
28
Let b be ((-112)/(-5))/((-82)/(-205)). Calculate the greatest common factor of b and 70.
14
Suppose -7495 = -62*r + 29705. What is the highest common divisor of r and 225?
75
Let h = 70 + 198. Let x = -116 + h. Calculate the highest common divisor of x and 19.
19
Suppose -69 = -q + 171. Let m(k) = -2*k**3 - 8*k**2 - 5*k + 20. Let r be m(-4). What is the highest common divisor of q and r?
40
Let t be (9/2)/9*-2. Let k be 56/10*t/((-2)/15). What is the highest common factor of 28 and k?
14
Suppose 3*v - 70 = 146. What is the greatest common factor of v and 27?
9
Let m = -32 - -52. Let h be (-2)/16*2 + 385/m. What is the highest common factor of h and 209?
19
Let c be 6/4*12/(-6). Let y be 2/3 + (-43)/c. Let o be (-35)/y*(-6)/2. Calculate the highest common factor of o and 49.
7
Let q be 4 + 1*(-5 + 2). Let j be 6/(-6) + -4 + q. Let m be j/12 + (-92)/(-6). What is the highest common divisor of 165 and m?
15
Let u(a) = 12*a**2 - 8*a + 45. Let k be u(6). What is the highest common factor of k and 78?
39
Suppose -3*l + 41 = -2*r + 4*r, -4*r = -3*l + 71. Calculate the highest common divisor of 15 and l.
1
Let a = 36 + -80. Let k = 116 + a. What is the highest common divisor of k and 27?
9
Let s(h) = -56*h + 8. Let j be s(-3). Suppose 7*z + j = 9*z. What is the highest common divisor of z and 8?
8
Let j(v) = -v - 5. Let q be j(-5). Suppose 2*p - 5 + 1 = q. Suppose p*x + 4 = 6*x. Calculate the greatest common divisor of x and 3.
1
Let h be (-1 - 4)/((-4)/20). Let j be 4/(-20) + (-384)/(-20). Let x = j + -14. What is the greatest common factor of x and h?
5
Suppose -4488 = -118*y + 67*y. Calculate the greatest common divisor of y and 40.
8
Let d(b) = -8*b**3 - 37*b**2 - 6*b - 12. Let h be d(-6). What is the greatest common divisor of h and 525?
105
Let g = -15 - -31. Let r = g + 2. Calculate the greatest common factor of 198 and r.
18
Suppose 5*f - 65 = 4*f. Let r be 416/f - (-2)/(-5). Let s be r/(3/(-36)*-4). What is the greatest common divisor of 54 and s?
18
Suppose -9*m = -15*m + 12. Suppose -27 - 95 = -m*z - 2*a, -64 = -z - 4*a. What is the highest common divisor of 24 and z?
12
Suppose 4*y - m = -14 + 110, 5*y - 120 = -3*m. What is the highest common factor of 160 and y?
8
Let a be (0 + 1 - 3) + 48. Suppose -3*h = -2*i - 4*h + 33, 3*i = 2*h + a. What is the highest common factor of 40 and i?
8
Suppose -46*s + 36 = -43*s. What is the greatest common divisor of 288 and s?
12
Let s = -30 - -32. Suppose 70 = 3*g + s*g. Calculate the highest common factor of 2 and g.
2
Let i(p) = p**3 + p**2 + p - 2. Let y be (2/2)/((-4)/8). Let h be i(y). Let u be (-122)/h + 3/(-12). Calculate the greatest common factor of u and 75.
15
Let q = 1548 - 703. Calculate the greatest common factor of 5 and q.
5
Suppose z + 147 + 10 = 0. Let j = z - -353. Calculate the greatest common divisor of j and 28.
28
Let m = -71 - -14. Let q = -25 - m. Suppose 2*p - 340 = -4*c + 7*p, 3*p + 172 = 2*c. Calculate the highest common factor of q and c.
16
Let p = 0 + 64. What is the greatest common factor of p and 4?
4
Suppose 5*x = -26 + 6. Let i be (-304)/(-12) - x/6. Suppose 0 = 2*v - 2*w - i, 3*w - 5 = -2*v - 2*w. What is the greatest common factor of 4 and v?
2
Let p = -1234 + 1792. Suppose -78 = 3*t - p. What is the greatest common divisor of 64 and t?
32
Let d = -12 + 14. Suppose 0*q + 156 = 2*q + d*y, -4*y - 417 = -5*q. What is the highest common factor of q and 9?
9
Let c(q) = -22*q. Let a be c(-4). Let o be (-2)/2*336/(-12). Suppose o = 3*s - 5. Calculate the highest common factor of a and s.
11
Let c(b) = 14*b - 13 + 18*b - 28*b. Let i be (-60)/18*(-6)/5. Let o be c(i). Calculate the greatest common factor of o and 30.
3
Let y(t) = 4*t**2 + 6*t + 4. Let r be y(-6). Let a = 48 + -32. What is the greatest common divisor of r and a?
16
Suppose 0 = y + 5*p + 11, p + 16 = y - 3. Calculate the highest common factor of 1792 and y.
14
Let b = 128 + -62. Calculate the highest common factor of 176 and b.
22
Let s be 15/(-20) + (-323)/(-4) + -3. Calculate the highest common divisor of 42 and s.
7
Let h be (-57 - 0/(-2))*(-10 + 5). Calculate the greatest common divisor of 19 and h.
19
Let f(r) = -24*r - 78. Let i be f(-4). What is the greatest common factor of 576 and i?
18
Let g be (-9)/15 + 1306/10. Calculate the highest common divisor of g and 104.
26
Suppose 2*c = -10*c + 48. Suppose 11 = 3*g + c*b, 4*g - 3*b - 52 = b. What is the highest common factor of g and 18?
9
Let a = 822 - 646. What is the highest common factor of 22 and a?
22
Suppose -18*p = 33*p - 9639. What is the greatest common divisor of 405 and p?
27
Let p be (-63 + 3)*7/(-28). Let c = 30 - 18. Suppose p*q + c = 16*q. What is the highest common factor of q and 48?
12
Suppose -46 = 2*i - 4*i - 2*c, 0 = 2*c - 4. Let g = -2 - -6. Suppose 0 = g*y + y - l - 102, 0 = y + 4*l - 33. Calculate the greatest common factor of i and y.
21
Suppose 3*f - 9 + 3 = 5*h, -2*h - 6 = -3*f. Let k(q) = -11*q + 165. Let l be k(h). Calculate the highest common factor of 15 and l.
15
Let z(l) = 2*l**2 + 8*l + 153. Let t be z(0). Calculate the greatest common factor of t and 119.
17
Let n = -3 + 43. Let i = n - 25. Calculate the greatest common divisor of 6 and i.
3
Let h = -529 - -844. What is the greatest common divisor of 42 and h?
21
Suppose -1597 = -10*g + 5363. Calculate the highest common divisor of 6 and g.
6
Let n = 547 - 495. Calculate the highest common factor of 13 and n.
13
Let s(t) = t**2 + 13*t + 15. Let k be s(-12). Let y be 0/(k + -3 - 1). Suppose y = -0*u + 4*u - 4. What is the greatest common divisor of u and 5?
1
Let y be 12*(58 + 0)/(1 + 2). Calculate the greatest common divisor of y and 29.
29
Let s = 123 - 61. Let j = s - 58. What is the greatest common factor of j and 4?
4
Suppose -703 = -47*m + 613. What is the greatest common divisor of m and 92?
4
Let k = 24 + -30. Let h be ((-4)/k)/((-3)/(-18)). Let w(u) = -u**2 - 6*u + 2. Let t be w(-6). Calculate the greatest common factor of h and t.
2
Suppose 0 = -55*i - 3*i + 2784. What is the highest common divisor of i and 176?
16
Suppose 27*c + 19630 - 48439 = 0. Calculate the greatest common factor of c and 97.
97
Suppose l = -3*b + 6, -2*l + b = -6*l + 46. Let v(i) = -8*i - 164. Let c be v(-37). What is the greatest common factor of c and l?
12
Let z = 61 + -56. Let i(q) = q + 7. Let f be i(z). Calculate the highest common factor of 132 and f.
12
Let y be ((-128)/(-6) - 0) + 12/18. Let o be (-2 - -1)*-11*5. Calculate the highest common divisor of y and o.
11
Let m(q) = -2*q - 9. Suppose -4*y - 36 = -4*r, -3*r + 41 = -4*y + 8. Let x be m(y). Let u be 13*(x + 1 + 1). Calculate the highest common factor of 13 and u.
13
Suppose 0 = -2*j - 2, -13*x + 8*x + 122 = -2*j. Suppose -4*y - y + 180 = 0. What is the highest common factor of y and x?
12
Let c(t) = 135*t**2 - 4*t - 27. Let p be c(-3). What is the greatest common divisor of p and 75?
75
Let m be ((-366)/4 - -1)*-2. Suppose r - 3 = 0, 5*s - r = s + m. Suppose -3*u + s = -2. Calculate the highest common factor of u and 16.
16
Let z(j) = 241*j - 76. Let y be z(2). What i